{"id":201,"date":"2019-08-15T11:27:45","date_gmt":"2019-08-15T10:27:45","guid":{"rendered":"http:\/\/aberdeen-pl.rcda.scot\/?page_id=201"},"modified":"2020-03-14T19:16:03","modified_gmt":"2020-03-14T19:16:03","slug":"sakramenty","status":"publish","type":"page","link":"https:\/\/aberdeen-pl.rcda.scot\/?page_id=201","title":{"rendered":"SAKRAMENTY"},"content":{"rendered":"<blockquote><p>Sakramenty Nowego Prawa zosta\u0142y ustanowione przez Chrystusa. Jest ich siedem: chrzest, bierzmowanie, Eucharystia, pokuta, namaszczenie chorych, sakrament \u015bwi\u0119ce\u0144 i ma\u0142\u017ce\u0144stwo. Sakramenty te obejmuj\u0105 wszystkie etapy i wszystkie wa\u017cne momenty \u017cycia chrze\u015bcijanina: sprawiaj\u0105 narodzenie i rozw\u00f3j chrze\u015bcija\u0144skiego \u017cycia wiary, uzdrowienie i dar pos\u0142ania. Wida\u0107 w tym pewne podobie\u0144stwo, jakie istnieje mi\u0119dzy etapami \u017cycia naturalnego a etapami \u017cycia duchowego.<\/p>\n<p><em>Katechizm Ko\u015bcio\u0142a Katolickiego 1210<\/em><\/p><\/blockquote>\n","protected":false},"excerpt":{"rendered":"<p>Sakramenty Nowego Prawa zosta\u0142y ustanowione przez Chrystusa. Jest ich siedem: chrzest, bierzmowanie, Eucharystia, pokuta, namaszczenie chorych, sakrament \u015bwi\u0119ce\u0144 i ma\u0142\u017ce\u0144stwo. Sakramenty te obejmuj\u0105 wszystkie etapy i wszystkie wa\u017cne momenty \u017cycia [&hellip;]<\/p>\n","protected":false},"author":1,"featured_media":0,"parent":0,"menu_order":0,"comment_status":"closed","ping_status":"closed","template":"","meta":{"footnotes":""},"class_list":["post-201","page","type-page","status-publish","hentry"],"jetpack_sharing_enabled":true,"_links":{"self":[{"href":"https:\/\/aberdeen-pl.rcda.scot\/index.php?rest_route=\/wp\/v2\/pages\/201","targetHints":{"allow":["GET"]}}],"collection":[{"href":"https:\/\/aberdeen-pl.rcda.scot\/index.php?rest_route=\/wp\/v2\/pages"}],"about":[{"href":"https:\/\/aberdeen-pl.rcda.scot\/index.php?rest_route=\/wp\/v2\/types\/page"}],"author":[{"embeddable":true,"href":"https:\/\/aberdeen-pl.rcda.scot\/index.php?rest_route=\/wp\/v2\/users\/1"}],"replies":[{"embeddable":true,"href":"https:\/\/aberdeen-pl.rcda.scot\/index.php?rest_route=%2Fwp%2Fv2%2Fcomments&post=201"}],"version-history":[{"count":4,"href":"https:\/\/aberdeen-pl.rcda.scot\/index.php?rest_route=\/wp\/v2\/pages\/201\/revisions"}],"predecessor-version":[{"id":558,"href":"https:\/\/aberdeen-pl.rcda.scot\/index.php?rest_route=\/wp\/v2\/pages\/201\/revisions\/558"}],"wp:attachment":[{"href":"https:\/\/aberdeen-pl.rcda.scot\/index.php?rest_route=%2Fwp%2Fv2%2Fmedia&parent=201"}],"curies":[{"name":"wp","href":"https:\/\/api.w.org\/{rel}","templated":true}]}}