{"id":5724,"date":"2025-11-21T15:11:18","date_gmt":"2025-11-21T15:11:18","guid":{"rendered":"https:\/\/aberdeen-pl.rcda.scot\/?page_id=5724"},"modified":"2025-11-21T15:13:14","modified_gmt":"2025-11-21T15:13:14","slug":"adwwent-i-boze-narodzenie","status":"publish","type":"page","link":"https:\/\/aberdeen-pl.rcda.scot\/?page_id=5724","title":{"rendered":"ADWWENT I BO\u017bE NARODZENIE"},"content":{"rendered":"<h1><strong>ADWENT<\/strong><\/h1>\n<p><strong><u>SPOTKANIE Z \u015aW. MIKO\u0141AJEM:<\/u><\/strong><\/p>\n<p><em><u>Niedziela 7 grudnia 2025<\/u><\/em> \u2013 Katedra \u2013 g. 15:00<\/p>\n<p><strong><u>MSZA \u015aWI\u0118TA Z UWIELBIENIEM<\/u><\/strong><\/p>\n<p><em><u>Poniedzia\u0142ek 8 grudnia 2025<\/u><\/em> &#8211; Our Lady of Aberdeen \u2013 g. 19:00<\/p>\n<p><strong><u>REKOLEKCJE ADWENTOWE<\/u><\/strong><\/p>\n<p>Ks. Dariusz Kiljan<\/p>\n<p><em><u>Sobota 13 grudnia 2025<\/u><\/em> \u2013 Our Lady of Aberdeen \u2013 g. 19:00<\/p>\n<p><em><u>Niedziela 14 grudnia 2025<\/u><\/em> &#8211; Katedra \u2013 g. 15:00<\/p>\n<p><em><u>Poniedzia\u0142ek 15 grudnia 2025<\/u><\/em> \u2013 Our Lady of Aberdeen \u2013 g. 19:00<\/p>\n<p><em><u>Wtorek 16 grudnia 2025<\/u><\/em> \u2013 Our Lady of Aberdeen \u2013 g. 19:00<\/p>\n<p><strong><u>SPOWIED\u0179 \u015aWI\u0104TECZNA<\/u><\/strong><\/p>\n<p><em><u>Poniedzia\u0142ek 22 grudnia 2025<\/u><\/em> &#8211; Our Lady of Aberdeen \u2013 g. 16:00<\/p>\n<p>&nbsp;<\/p>\n<h1><strong>BO\u017bE NARODZENIE<\/strong><\/h1>\n<p><strong><u>BO\u017bE NARODZENIE<\/u><\/strong><\/p>\n<p><em><u>\u015aroda 24 grudnia 2025 \u2013 Pasterka<\/u><\/em> &#8211; Our Lady of Aberdeen \u2013 g. 23:00<\/p>\n<p><u>Czwartek 25 grudnia 2025 \u2013<\/u> Katedra \u2013 g. 15:00<\/p>\n<p><em><u>Pi\u0105tek 26 grudnia 2025 \u2013 \u015aw. <\/u><\/em><em><u>Szczepana<\/u><\/em> \u2013 Our Lady of Aberdeen \u2013 g. 11:00<\/p>\n<p><strong><u>NIEDZIELA \u015aWI\u0118TEJ RODZINY<\/u><\/strong><\/p>\n<p><em><u>Sobota 27 grudnia 2025<\/u><\/em>&#8211; Our Lady of Aberdeen \u2013 g. 19:00<\/p>\n<p><em><u>Niedziela 28 grudnia 2025<\/u><\/em> \u2013 Katedra \u2013 g. 15:00<\/p>\n<p><strong><u>NOWY ROK<\/u><\/strong><\/p>\n<p><em><u>Czwartek 1 stycznia 2026<\/u><\/em> \u2013 Katedra \u2013 g. 15:00<\/p>\n<p><strong><u>TRZECH KR\u00d3LI<\/u><\/strong><\/p>\n<p><em><u>Sobota 3 stycznia 2026 <\/u><\/em>&#8211; Our Lady of Aberdeen \u2013 g. 19:00<\/p>\n<p><em><u>Niedziela 4 stycznia 2026 <\/u><\/em>\u2013 Katedra \u2013 g. 15:00<\/p>\n<p><strong><u>CHRZEST PA\u0143SKI<\/u><\/strong><\/p>\n<p><em><u>Sobota 10 stycznia 2026 <\/u><\/em>&#8211; Our Lady of Aberdeen \u2013 g. 19:00<\/p>\n<p><em><u>Niedziela 11 stycznia 2026 <\/u><\/em>\u2013 Katedra \u2013 g. 15:00<\/p>\n","protected":false},"excerpt":{"rendered":"<p>ADWENT SPOTKANIE Z \u015aW. MIKO\u0141AJEM: Niedziela 7 grudnia 2025 \u2013 Katedra \u2013 g. 15:00 MSZA \u015aWI\u0118TA Z UWIELBIENIEM Poniedzia\u0142ek 8 grudnia 2025 &#8211; Our Lady of Aberdeen \u2013 g. 19:00 [&hellip;]<\/p>\n","protected":false},"author":5,"featured_media":0,"parent":0,"menu_order":0,"comment_status":"closed","ping_status":"closed","template":"","meta":{"footnotes":""},"class_list":["post-5724","page","type-page","status-publish","hentry"],"jetpack_sharing_enabled":true,"_links":{"self":[{"href":"https:\/\/aberdeen-pl.rcda.scot\/index.php?rest_route=\/wp\/v2\/pages\/5724","targetHints":{"allow":["GET"]}}],"collection":[{"href":"https:\/\/aberdeen-pl.rcda.scot\/index.php?rest_route=\/wp\/v2\/pages"}],"about":[{"href":"https:\/\/aberdeen-pl.rcda.scot\/index.php?rest_route=\/wp\/v2\/types\/page"}],"author":[{"embeddable":true,"href":"https:\/\/aberdeen-pl.rcda.scot\/index.php?rest_route=\/wp\/v2\/users\/5"}],"replies":[{"embeddable":true,"href":"https:\/\/aberdeen-pl.rcda.scot\/index.php?rest_route=%2Fwp%2Fv2%2Fcomments&post=5724"}],"version-history":[{"count":3,"href":"https:\/\/aberdeen-pl.rcda.scot\/index.php?rest_route=\/wp\/v2\/pages\/5724\/revisions"}],"predecessor-version":[{"id":5728,"href":"https:\/\/aberdeen-pl.rcda.scot\/index.php?rest_route=\/wp\/v2\/pages\/5724\/revisions\/5728"}],"wp:attachment":[{"href":"https:\/\/aberdeen-pl.rcda.scot\/index.php?rest_route=%2Fwp%2Fv2%2Fmedia&parent=5724"}],"curies":[{"name":"wp","href":"https:\/\/api.w.org\/{rel}","templated":true}]}}