{"id":69,"date":"2019-06-14T22:49:47","date_gmt":"2019-06-14T21:49:47","guid":{"rendered":"http:\/\/aberdeen-pl.rcda.scot\/?page_id=69"},"modified":"2022-10-11T23:19:29","modified_gmt":"2022-10-11T22:19:29","slug":"chrzest","status":"publish","type":"page","link":"https:\/\/aberdeen-pl.rcda.scot\/?page_id=69","title":{"rendered":"CHRZEST"},"content":{"rendered":"<blockquote><p>Drodzy rodzice, prosz\u0105c o chrzest dla waszego dziecka, przyjmujecie na siebie obowi\u0105zek <strong><span style=\"color: green;\">wychowania go w wierze<\/span><\/strong>, aby zachowuj\u0105c Bo\u017ce przykazania, mi\u0142owa\u0142o Boga i bli\u017aniego, jak nas nauczy\u0142 Jezus Chrystus. <strong><span style=\"color: green;\">Czy jeste\u015bcie \u015bwiadomi tego obowi\u0105zku?<\/span><\/strong><\/p>\n<p>Drodzy rodzice i chrzestni, przyniesione przez was dziecko przez sakrament chrztu od mi\u0142uj\u0105cego Boga otrzyma nowe \u017cycie z wody i z Ducha \u015awi\u0119tego. Sta\u00adrajcie si\u0119 wychowa\u0107 je w wierze tak, aby zachowa\u0107 w nim to Bo\u017ce \u017cycie od ska\u017cenia grzechem i umo\u017cliwi\u0107 jego ustawiczny rozw\u00f3j. Je\u015bli wi\u0119c, kieruj\u0105c si\u0119 wiar\u0105, jeste\u015bcie gotowi podj\u0105\u0107 si\u0119 tego zadania, to wspominaj\u0105c sw\u00f3j w\u0142asny chrzest, wyrzeknijcie si\u0119 grzechu i wyznajcie wiar\u0119 w Jezusa Chry\u00adstusa. Jest to wiara Ko\u015bcio\u0142a, w kt\u00f3rej wasze dziecko otrzymuje chrzest.<\/p>\n<p style=\"text-align: right;\"><em>Obrz\u0119dy Chrztu Dzieci<\/em><\/p>\n<p>&nbsp;<\/p><\/blockquote>\n<p><strong><span style=\"color: navy;\">Termin chrztu:<\/span><\/strong> wed\u0142ug indywidualnego uzgodnienia, w zale\u017cno\u015bci od terminu dogodnego dla rodziny, dla duszpasterza oraz dost\u0119pno\u015bci katedry.<\/p>\n<p>&nbsp;<\/p>\n<p><strong><span style=\"color: navy;\">Spotkanie przed chrztem<\/span><\/strong> (t<span style=\"color: navy;\">zw. katecheza przedchrzcielna):<\/span><\/p>\n<p>Uczestnicz\u0105 w niej rodzice i chrzestni. Termin do indywidualnego uzgodnienia w dogodnym terminie.<\/p>\n<p>Gor\u0105co zach\u0119camy do wyboru chrzestnych i spotkania si\u0119 z duszpasterzem na katechezie przedrzcielnej jeszcze przed urodzeniem si\u0119 dziecka. Znacznie u\u0142atwi to wzajemn\u0105 rozmow\u0119 odno\u015bnie zbli\u017caj\u0105cego si\u0119 chrztu \u015bwi\u0119tego.<\/p>\n<p>&nbsp;<\/p>\n<p><strong><span style=\"color: navy;\">Dokumenty wymagane przed chrztem \u015bw.:<\/span><\/strong><\/p>\n<ul>\n<li>rodzice dziecka: <span style=\"text-decoration: underline;\">akt (metryka, certyfikat) urodzenia<\/span> dziecka (tylko do wgl\u0105du), <span style=\"text-decoration: underline;\">sw\u00f3j dokument to\u017csamo\u015bci<\/span><\/li>\n<li>chrzestni dziecka: <span style=\"text-decoration: underline;\">\u015bwiadectwo bierzmowania<\/span> (wystawia parafia, gdzie by\u0142o si\u0119 ochrzczonym\/n\u0105 albo parafia, gdzie przyj\u0119\u0142o si\u0119 sakrament bierzmowania; dopuszcza si\u0119 przes\u0142anie zeskanowanego za\u015bwiadczenia z kancelarii parafialnej z Polski bezpo\u015brednio na adres email wskazany przez duszpasterza w Aberdeen) oraz <span style=\"text-decoration: underline;\">w\u0142asne ID<\/span><\/li>\n<li>chrzestni praktykuj\u0105cy poza Duszpasterstwem Polak\u00f3w w Aberdeen: <span style=\"text-decoration: underline;\">za\u015bwiadczenie\u00a0o zdatno\u015bci do przyj\u0119cia godno\u015bci chrzestnego<\/span> &#8211; z miejsca, gdzie aktualnie zamieszkuj\u0105 i regularnie uczestnicz\u0105 w \u017cyciu parafialnym (z racji tego, \u017ce jednym z warunk\u00f3w dopuszczenia do bycia chrzestnym\/chrzestn\u0105 jest prowadzenie \u017cycia zgodnego z wiar\u0105 i odpowiadaj\u0105ce funkcji, jak\u0105 ma si\u0119 pe\u0142ni\u0107)<\/li>\n<\/ul>\n<p><em><span style=\"color: red;\">Wzajemny szacunek do siebie nawzajem wymaga, by spraw formalnych nie zostawia\u0107 na ostatni\u0105 chwil\u0119. Dokumenty nale\u017cy wi\u0119c dostarczy\u0107 do duszpasterza Polak\u00f3w w Aberdeen najp\u00f3\u017aniej 14 dni przed uzgodnion\u0105 wcze\u015bniej dat\u0105 chrztu. W przypadku, je\u015bli wszystkie dokumenty nie zostan\u0105 dostarczone w odpowiednim czasie, rezerwacja daty chrztu zostanie automatycznie usuni\u0119ta z kalendarza, z mo\u017cliwo\u015bci\u0105 ponownego wsp\u00f3lnego ustalenia nowego dogodnego dla wszystkich terminu.<\/span><\/em><\/p>\n","protected":false},"excerpt":{"rendered":"<p>Drodzy rodzice, prosz\u0105c o chrzest dla waszego dziecka, przyjmujecie na siebie obowi\u0105zek wychowania go w wierze, aby zachowuj\u0105c Bo\u017ce przykazania, mi\u0142owa\u0142o Boga i bli\u017aniego, jak nas nauczy\u0142 Jezus Chrystus. Czy [&hellip;]<\/p>\n","protected":false},"author":1,"featured_media":553,"parent":0,"menu_order":0,"comment_status":"closed","ping_status":"closed","template":"","meta":{"footnotes":""},"class_list":["post-69","page","type-page","status-publish","has-post-thumbnail","hentry"],"jetpack_sharing_enabled":true,"_links":{"self":[{"href":"https:\/\/aberdeen-pl.rcda.scot\/index.php?rest_route=\/wp\/v2\/pages\/69","targetHints":{"allow":["GET"]}}],"collection":[{"href":"https:\/\/aberdeen-pl.rcda.scot\/index.php?rest_route=\/wp\/v2\/pages"}],"about":[{"href":"https:\/\/aberdeen-pl.rcda.scot\/index.php?rest_route=\/wp\/v2\/types\/page"}],"author":[{"embeddable":true,"href":"https:\/\/aberdeen-pl.rcda.scot\/index.php?rest_route=\/wp\/v2\/users\/1"}],"replies":[{"embeddable":true,"href":"https:\/\/aberdeen-pl.rcda.scot\/index.php?rest_route=%2Fwp%2Fv2%2Fcomments&post=69"}],"version-history":[{"count":61,"href":"https:\/\/aberdeen-pl.rcda.scot\/index.php?rest_route=\/wp\/v2\/pages\/69\/revisions"}],"predecessor-version":[{"id":4566,"href":"https:\/\/aberdeen-pl.rcda.scot\/index.php?rest_route=\/wp\/v2\/pages\/69\/revisions\/4566"}],"wp:featuredmedia":[{"embeddable":true,"href":"https:\/\/aberdeen-pl.rcda.scot\/index.php?rest_route=\/wp\/v2\/media\/553"}],"wp:attachment":[{"href":"https:\/\/aberdeen-pl.rcda.scot\/index.php?rest_route=%2Fwp%2Fv2%2Fmedia&parent=69"}],"curies":[{"name":"wp","href":"https:\/\/api.w.org\/{rel}","templated":true}]}}

<blockquote><p>Drodzy rodzice, prosząc o chrzest dla waszego dziecka, przyjmujecie na siebie obowiązek <strong><span style="color: green;">wychowania go w wierze</span></strong>, aby zachowując Boże przykazania, miłowało Boga i bliźniego, jak nas nauczył Jezus Chrystus. <strong><span style="color: green;">Czy jesteście świadomi tego obowiązku?</span></strong></p>
<p>Drodzy rodzice i chrzestni, przyniesione przez was dziecko przez sakrament chrztu od miłującego Boga otrzyma nowe życie z wody i z Ducha Świętego. Sta­rajcie się wychować je w wierze tak, aby zachować w nim to Boże życie od skażenia grzechem i umożliwić jego ustawiczny rozwój. Jeśli więc, kierując się wiarą, jesteście gotowi podjąć się tego zadania, to wspominając swój własny chrzest, wyrzeknijcie się grzechu i wyznajcie wiarę w Jezusa Chry­stusa. Jest to wiara Kościoła, w której wasze dziecko otrzymuje chrzest.</p>
<p style="text-align: right;"><em>Obrzędy Chrztu Dzieci</em></p>
<p>&nbsp;</p></blockquote>
<p><strong><span style="color: navy;">Termin chrztu:</span></strong> według indywidualnego uzgodnienia, w zależności od terminu dogodnego dla rodziny, dla duszpasterza oraz dostępności katedry.</p>
<p>&nbsp;</p>
<p><strong><span style="color: navy;">Spotkanie przed chrztem</span></strong> (t<span style="color: navy;">zw. katecheza przedchrzcielna):</span></p>
<p>Uczestniczą w niej rodzice i chrzestni. Termin do indywidualnego uzgodnienia w dogodnym terminie.</p>
<p>Gorąco zachęcamy do wyboru chrzestnych i spotkania się z duszpasterzem na katechezie przedrzcielnej jeszcze przed urodzeniem się dziecka. Znacznie ułatwi to wzajemną rozmowę odnośnie zbliżającego się chrztu świętego.</p>
<p>&nbsp;</p>
<p><strong><span style="color: navy;">Dokumenty wymagane przed chrztem św.:</span></strong></p>
<ul>
<li>rodzice dziecka: <span style="text-decoration: underline;">akt (metryka, certyfikat) urodzenia</span> dziecka (tylko do wglądu), <span style="text-decoration: underline;">swój dokument tożsamości</span></li>
<li>chrzestni dziecka: <span style="text-decoration: underline;">świadectwo bierzmowania</span> (wystawia parafia, gdzie było się ochrzczonym/ną albo parafia, gdzie przyjęło się sakrament bierzmowania; dopuszcza się przesłanie zeskanowanego zaświadczenia z kancelarii parafialnej z Polski bezpośrednio na adres email wskazany przez duszpasterza w Aberdeen) oraz <span style="text-decoration: underline;">własne ID</span></li>
<li>chrzestni praktykujący poza Duszpasterstwem Polaków w Aberdeen: <span style="text-decoration: underline;">zaświadczenie o zdatności do przyjęcia godności chrzestnego</span> &#8211; z miejsca, gdzie aktualnie zamieszkują i regularnie uczestniczą w życiu parafialnym (z racji tego, że jednym z warunków dopuszczenia do bycia chrzestnym/chrzestną jest prowadzenie życia zgodnego z wiarą i odpowiadające funkcji, jaką ma się pełnić)</li>
</ul>
<p><em><span style="color: red;">Wzajemny szacunek do siebie nawzajem wymaga, by spraw formalnych nie zostawiać na ostatnią chwilę. Dokumenty należy więc dostarczyć do duszpasterza Polaków w Aberdeen najpóźniej 14 dni przed uzgodnioną wcześniej datą chrztu. W przypadku, jeśli wszystkie dokumenty nie zostaną dostarczone w odpowiednim czasie, rezerwacja daty chrztu zostanie automatycznie usunięta z kalendarza, z możliwością ponownego wspólnego ustalenia nowego dogodnego dla wszystkich terminu.</span></em></p>

<p>Drodzy rodzice, prosząc o chrzest dla waszego dziecka, przyjmujecie na siebie obowiązek wychowania go w wierze, aby zachowując Boże przykazania, miłowało Boga i bliźniego, jak nas nauczył Jezus Chrystus. Czy [&hellip;]</p>
