{"id":82,"date":"2019-06-15T00:08:44","date_gmt":"2019-06-14T23:08:44","guid":{"rendered":"http:\/\/aberdeen-pl.rcda.scot\/?page_id=82"},"modified":"2024-11-17T23:06:19","modified_gmt":"2024-11-17T23:06:19","slug":"spowiedz","status":"publish","type":"page","link":"https:\/\/aberdeen-pl.rcda.scot\/?page_id=82","title":{"rendered":"SPOWIED\u0179"},"content":{"rendered":"<p>SAKRAMENT POKUTY I POJEDNANIA<\/p>\n<p>&#8230;lub mo\u017cliwo\u015b\u0107 porozmawiania w j. polskim:<\/p>\n<p><span style=\"color: green;\"><strong>NA KINCORTH (parafia pw. Our Lady of Aberdeen):<\/strong><\/span><\/p>\n<p><span style=\"color: purple;\"><strong>W tygodniu <\/strong><\/span>po ka\u017cdej Mszy \u015bw. o godz. 10:00\u00a0 spowied\u017a &#8220;na \u017cyczenie&#8221;<\/p>\n<p><span style=\"color: purple;\"><strong>Pi\u0105tek<\/strong><\/span> w godz. 18:00 &#8211; 19:00<\/p>\n<p>Je\u015bli chcesz <strong><span style=\"color: navy;\">d\u0142u\u017cej porozmawia\u0107 lub skorzysta\u0107 z sakramentu pojednania w innym terminie<\/span><\/strong>, mo\u017cesz um\u00f3wi\u0107 si\u0119 z duszpasterzem <a href=\"https:\/\/aberdeen-pl.rcda.scot\/kontakt\/\" target=\"_blank\" rel=\"noopener\"><strong><span style=\"text-decoration: underline;\"><span style=\"color: red; text-decoration: underline;\">przez telefon<\/span><\/span><\/strong><\/a> albo za pomoc\u0105 <a href=\"https:\/\/aberdeen-pl.rcda.scot\/?page_id=32\" target=\"_blank\" rel=\"noopener\"><span style=\"text-decoration: underline;\"><strong><span style=\"color: red; text-decoration: underline;\">formularza kontaktowego<\/span><\/strong><\/span><\/a>. Tam podaj trzy dogodne dla siebie terminy (dzie\u0144 i godzina), a duszpasterz postara si\u0119 wybra\u0107 jeden z nich (zale\u017cnie od jego mo\u017cliwo\u015bci czasowych i dost\u0119pno\u015bci pomieszcze\u0144 przy katedrze). Niezw\u0142ocznie dostaniesz odpowied\u017a.<\/p>\n<p>&nbsp;<\/p>\n<p>&nbsp;<\/p>\n<p>&nbsp;<\/p>\n<p style=\"text-align: center;\"><img data-recalc-dims=\"1\" fetchpriority=\"high\" decoding=\"async\" data-attachment-id=\"3016\" data-permalink=\"https:\/\/aberdeen-pl.rcda.scot\/?attachment_id=3016\" data-orig-file=\"https:\/\/i0.wp.com\/aberdeen-pl.rcda.scot\/wp-content\/uploads\/2021\/11\/jesus-christ-gabaa2b1f7_640.jpg?fit=640%2C425&amp;ssl=1\" data-orig-size=\"640,425\" data-comments-opened=\"0\" data-image-meta=\"{&quot;aperture&quot;:&quot;0&quot;,&quot;credit&quot;:&quot;&quot;,&quot;camera&quot;:&quot;&quot;,&quot;caption&quot;:&quot;&quot;,&quot;created_timestamp&quot;:&quot;0&quot;,&quot;copyright&quot;:&quot;&quot;,&quot;focal_length&quot;:&quot;0&quot;,&quot;iso&quot;:&quot;0&quot;,&quot;shutter_speed&quot;:&quot;0&quot;,&quot;title&quot;:&quot;&quot;,&quot;orientation&quot;:&quot;0&quot;}\" data-image-title=\"jesus-christ-gabaa2b1f7_640\" data-image-description=\"\" data-image-caption=\"\" data-large-file=\"https:\/\/i0.wp.com\/aberdeen-pl.rcda.scot\/wp-content\/uploads\/2021\/11\/jesus-christ-gabaa2b1f7_640.jpg?fit=640%2C425&amp;ssl=1\" class=\"alignnone wp-image-3016\" src=\"https:\/\/i0.wp.com\/aberdeen-pl.rcda.scot\/wp-content\/uploads\/2021\/11\/jesus-christ-gabaa2b1f7_640.jpg?resize=450%2C299&#038;ssl=1\" alt=\"\" width=\"450\" height=\"299\" srcset=\"https:\/\/i0.wp.com\/aberdeen-pl.rcda.scot\/wp-content\/uploads\/2021\/11\/jesus-christ-gabaa2b1f7_640.jpg?w=640&amp;ssl=1 640w, https:\/\/i0.wp.com\/aberdeen-pl.rcda.scot\/wp-content\/uploads\/2021\/11\/jesus-christ-gabaa2b1f7_640.jpg?resize=300%2C199&amp;ssl=1 300w\" sizes=\"(max-width: 450px) 100vw, 450px\" \/><\/p>\n<p>&nbsp;<\/p>\n<p style=\"text-align: center;\"><span style=\"font-size: x-small;\">Autor zdj\u0119cia: <a href=\"https:\/\/pixabay.com\/users\/sabine_999-1196342\/?utm_source=link-attribution&amp;utm_medium=referral&amp;utm_campaign=image&amp;utm_content=1948251\">Sabine Zierer<\/a> z <a href=\"https:\/\/pixabay.com\/\">Pixabay<\/a><\/span><\/p>\n","protected":false},"excerpt":{"rendered":"<p>SAKRAMENT POKUTY I POJEDNANIA &#8230;lub mo\u017cliwo\u015b\u0107 porozmawiania w j. polskim: NA KINCORTH (parafia pw. Our Lady of Aberdeen): W tygodniu po ka\u017cdej Mszy \u015bw. o godz. 10:00\u00a0 spowied\u017a &#8220;na \u017cyczenie&#8221; [&hellip;]<\/p>\n","protected":false},"author":1,"featured_media":0,"parent":0,"menu_order":0,"comment_status":"closed","ping_status":"closed","template":"","meta":{"footnotes":""},"class_list":["post-82","page","type-page","status-publish","hentry"],"jetpack_sharing_enabled":true,"_links":{"self":[{"href":"https:\/\/aberdeen-pl.rcda.scot\/index.php?rest_route=\/wp\/v2\/pages\/82","targetHints":{"allow":["GET"]}}],"collection":[{"href":"https:\/\/aberdeen-pl.rcda.scot\/index.php?rest_route=\/wp\/v2\/pages"}],"about":[{"href":"https:\/\/aberdeen-pl.rcda.scot\/index.php?rest_route=\/wp\/v2\/types\/page"}],"author":[{"embeddable":true,"href":"https:\/\/aberdeen-pl.rcda.scot\/index.php?rest_route=\/wp\/v2\/users\/1"}],"replies":[{"embeddable":true,"href":"https:\/\/aberdeen-pl.rcda.scot\/index.php?rest_route=%2Fwp%2Fv2%2Fcomments&post=82"}],"version-history":[{"count":120,"href":"https:\/\/aberdeen-pl.rcda.scot\/index.php?rest_route=\/wp\/v2\/pages\/82\/revisions"}],"predecessor-version":[{"id":5391,"href":"https:\/\/aberdeen-pl.rcda.scot\/index.php?rest_route=\/wp\/v2\/pages\/82\/revisions\/5391"}],"wp:attachment":[{"href":"https:\/\/aberdeen-pl.rcda.scot\/index.php?rest_route=%2Fwp%2Fv2%2Fmedia&parent=82"}],"curies":[{"name":"wp","href":"https:\/\/api.w.org\/{rel}","templated":true}]}}